00101011010001010000 (base 2) in base 6?
-155120024
What is -232420221 (base 5) in base 16?
-102f4e
Convert 143552 (base 14) to base 13.
1b6c77
-bce285 (base 16) to base 7
-210134446
Convert -336626 (base 7) to base 14.
-17c16
Convert -729c24 (base 16) to base 8.
-34516044
What is 1232990 (base 12) in base 2?
1101100010110111111100
What is 8484 (base 15) in base 6?
333424
665222 (base 7) to base 16
1c955
Convert -ad8012 (base 16) to base 15.
-ee9094
What is -d6169d (base 15) in base 12?
-34ab5aa
15654644 (base 7) to base 14
2ba35b
-121111210021001 (base 3) to base 9
-17453231
Convert 929870 (base 14) to base 6.
253543030
Convert -212714 (base 12) to base 7.
-4305301
685954 (base 12) to base 8
6273420
What is 101011001110111111 (base 2) in base 6?
3443503
1198024 (base 10) to base 13
32c3b9
Convert -7143304 (base 11) to base 14.
-1968caa
-62ac8 (base 14) to base 12
-b5974
-1445122 (base 10) to base 3
-2201102100001
Convert -a48dda (base 16) to base 10.
-10784218
13111320 (base 8) to base 5
1221434133
What is -1e149 (base 16) in base 3?
-20021000022
-594009 (base 10) to base 6
-20422013
954219 (base 14) to base 15
699742
-85a2 (base 12) to base 9
-22105
What is -73b06e (base 16) in base 11?
-4309361
Convert 20b39 (base 14) to base 7.
446302
2bb043 (base 15) to base 10
2112813
What is -240d4d (base 15) in base 8?
-6447530
What is -1010011110101011111111 (base 2) in base 10?
-2747135
Convert -12326575 (base 8) to base 5.
-1144401024
12818440 (base 9) to base 12
2153930
Convert 101001010000111000 (base 2) to base 16.
29438
What is -31148 (base 9) in base 2?
-101000000111001
What is -6cdd (base 14) in base 12?
-b003
-4577072 (base 8) to base 9
-2306403
Convert -38bd1 (base 16) to base 2.
-111000101111010001
What is 1a3b577 (base 13) in base 7?
133346132
Convert -7962a1 (base 11) to base 9.
-2341564
Convert -10011001010110111100111 (base 2) to base 5.
-2241302010
What is -11100012111102 (base 3) in base 7?
-25415465
What is 20087 (base 11) in base 14?
a9c5
102544454 (base 6) to base 2
110111011110110110010
What is -10001202222121 (base 3) in base 2?
-110001101110001111000
54708 (base 11) to base 8
233030
What is -110111100101101111111101 (base 2) in base 12?
-4a69225
7386 (base 13) to base 5
1002441
Convert 3444143 (base 5) to base 3.
10011121222
What is -154320120 (base 6) in base 16?
-323af0
What is -5110166 (base 8) in base 16?
-149076
What is 236616 (base 7) in base 10?
43182
Convert -16134035 (base 8) to base 15.
-4d659e
-1a6ec5 (base 16) to base 8
-6467305
What is -101316 (base 16) in base 11?
-65a533
Convert a8471 (base 13) to base 2.
1001010001101010010
132222123 (base 4) to base 14
33ab1
What is 140c576 (base 13) in base 7?
104611613
-58336 (base 11) to base 9
-137516
Convert -116c18 (base 15) to base 5.
-203123343
Convert 32005 (base 14) to base 6.
2330553
Convert -11111112100202 (base 3) to base 13.
-659a68
What is -1011111001110010 (base 2) in base 9?
-73781
What is -2320232 (base 6) in base 8?
-351034
Convert 126755 (base 11) to base 12.
97362
Convert -231322112 (base 4) to base 2.
-101101111010010110
-111101100101100010 (base 2) to base 10
-252258
-10011001000000000001 (base 2) to base 12
-262801
Convert 46880 (base 12) to base 15.
1d040
What is 100111011010100111011 (base 2) in base 6?
43403311
What is 3030011000 (base 4) in base 8?
3140500
-195527 (base 10) to base 8
-575707
What is 1110110101111100010 (base 2) in base 11?
302465
What is -2b898 (base 15) in base 4?
-202100132
What is 63774 (base 12) in base 10?
130696
Convert 2351060 (base 8) to base 14.
12a7ba
-20221211122 (base 3) to base 10
-136934
Convert 21210101021000 (base 3) to base 9.
7711230
e17f25 (base 16) to base 14
1d698a1
-62b09 (base 12) to base 9
-216530
What is -4132 (base 7) in base 3?
-1222111
561431 (base 7) to base 6
2042202
1101110111010 (base 2) to base 10
7098
What is -4662050 (base 8) in base 7?
-13542012
Convert 242e08 (base 15) to base 4.
12212221112
-a6d3 (base 14) to base 11
-1a703
2e99b (base 15) to base 4
210302033
-22212100112 (base 3) to base 5
-21040423
Convert 6141a70 (base 11) to base 3.
202102022121002
What is -325241040 (base 6) in base 10?
-5852976
What is 12956427 (base 10) in base 12?
4409b23
Convert 1754a84 (base 11) to base 2.
1011010111001110111101
What is 44ca (base 16) in base 12?
a236
What is -21120001021020 (base 3) in base 16?
-3d4880
-400401 (base 12) to base 8
-3631101
Convert 1522305 (base 7) to base 13.
734a0
What is -320022322 (base 4) in base 6?
-4533054
Convert -113223330 (base 4) to base 5.
-11101040
Convert -71416350 (base 8) to base 11.
-857037a
Convert 34013304 (base 5) to base 12.
124516
What is 104442403 (base 6) in base 8?
7205003
-100111000101000111 (base 2) to base 5
-20110241
Convert 31204411 (base 5) to base 10.
256856
-41d0f (base 16) to base 7
-2201646
82212 (base 11) to base 13
42843
dd5835 (base 14) to base 5
3410201310
Convert 303352 (base 6) to base 8.
57064
What is -605863 (base 13) in base 15?
-2e3b51
22010373 (base 9) to base 2
101000100100100110101010
Convert 102b71 (base 12) to base 3.
110220100211
Convert -11033142 (base 5) to base 4.
-113130233
Convert -23531252 (base 7) to base 14.
-3c6429
What is -43632363 (base 7) in base 5?
-1430143132
4550189 (base 10) to base 8
21267055
-268083 (base 9) to base 3
-22022002210
What is -2de30b (base 16) in base 3?
-12122210011101
-1b03 (base 13) to base 14
-169d
2c81c (base 13) to base 9
138362
What is -32671 (base 8) in base 13?
-634c
Convert -20002122001 (base 3) to base 12.
-59554
Convert e4bba (base 15) to base 6.
23312004
Convert 4432845 (base 10) to base 8.
20721715
What is 7b40a5 (base 12) in base 8?
7425175
bf3f63 (base 16) to base 9
25522775
What is -309071 (base 15) in base 13?
-62aa51
What is 215531 (base 9) in base 12?
62601
Convert 34d364 (base 14) to base 8.
6702334
-17a958 (base 11) to base 3
-112010100022
Convert 427558 (base 12) to base 9.
1868805
Convert -19b968 (base 13) to base 3.
-1020020021112
What is -153167 (base 8) in base 4?
-31121313
-132122311 (base 4) to base 16
-1e6b5
What is -337a59 (base 11) in base 7?
-4366354
What is 204033201 (base 5) in base 12?
349743
Convert 1010100110101011011111 (base 2) to base 5.
1202423441
Convert 18e0a (base 15) to base 3.
11002211001
Convert -17647 (base 10) to base 11.
-12293
Convert 1000223332 (base 4) to base 12.
1093ba
Convert -5d7d6 (base 14) to base 16.
-37fc0
What is 2085 (base 11) in base 10?
2755
-112021012211020 (base 3) to base 6
-430302440
What is -64644b (base 12) in base 4?
-12003123323
Convert a994 (base 16) to base 13.
169b5
What is 19b927 (base 14) in base 2?
11011111100001011111
-109829 (base 10) to base 14
-2c04d
What is -160643 (base 10) in base 4?
-213032003
Convert 1000110010110110110000111 (base 2) to base 15.
1944bc0
c25d95 (base 15) to base 16
8ce51a
522433041 (base 6) to base 16
8aa7d1
Convert 110aa3 (base 14) to base 13.
17331c
What is 7442a (base 14) in base 12?
116546
Convert 31011221 (base 4) to base 9.
81475
What is -70522 (base 14) in base 3?
-111201021010
Convert -16466275 (base 8) to base 11.
-2185801
415014115 (base 6) to base 8
33460537
Convert 148408 (base 15) to base 7.
11261444
-120421430 (base 5) to base 7
-4524114
11111101110111001110101 (base 2) to base 8
37567165
233310132 (base 5) to base 11
6728a9
What is -101143440 (base 5) in base 14?
-aa3d0
Convert -100110101100100001010 (base 2) to base 6.
-43102134
-99a4b (base 12) to base 8
-615633
-85610 (base 10) to base 11
-59358
-121022102220021 (base 3) to base 5
-4204403234
What is -17662 (base 8) in base 2?
-1111110110010
Convert 5a0b0 (base 13) to base 14.
4415c
30723287 (base 9) to base 4
320113313020
What is -1100010010110000110010 (base 2) in base 11?
-1901197
Convert 2cb7f7 (base 16) to base 7.
33624153
Convert 182c033 (base 14) to base 5.
11024120213
Convert -14446357 (base 8) to base 5.
-1320441440
Convert 431119 (base 11) to base 10.
689599
What is -7b7ab (base 15) in base 3?
-201222102022
-a0f5 (base 16) to base 3
-2002112010
Convert -445575 (base 8) to base 4.
-210231331
Convert 11415352 (base 6) to base 16.
57f14
1e9d18 (base 15) to base 9
2737535
-8024 (base 9) to base 15
-1b04
552213 (base 6) to base 12
22669
4605110 (base 8) to base 3
2100101200102
What is 3145100 (base 12) in base 2?
1000110111100